 4*p. Suppose -3*k + 5*b = -17, p = 5*k - 3*k + 4*b. What is the greatest common factor of k and i?
1
Let r = 206 + -118. Calculate the highest common divisor of r and 22.
22
Suppose 0 = i + 2*i + 24. Let j be (-6)/i - 51/(-12). What is the highest common divisor of 20 and j?
5
Suppose -4*t - 8 = 4. Let k = t + 7. Calculate the greatest common divisor of 4 and k.
4
Let x be 12/(-42) + 174/21. Calculate the highest common factor of x and 20.
4
Let h be ((-12)/(-8))/((-1)/(-10)). Let y = -134 - -201. Let i = 38 + y. What is the greatest common factor of i and h?
15
Suppose 9 = 3*k + 3. Suppose -2*r + 5 - 3 = 0. Calculate the highest common factor of r and k.
1
Let a be 22/3 + (-2)/6. Suppose -4*m + 16 = 3*p, -1 = 2*p - 5*m - 4. Suppose p*c - 1 = 3. Calculate the highest common divisor of a and c.
1
Suppose -4*k - 4*w - 4 = 0, -k + 4*w - 1 = -5. Suppose -2*z + k*z + 98 = 0. Let q(b) = -b + 3. Let l be q(-4). Calculate the highest common divisor of l and z.
7
Let i(t) = t + 4. Let f be i(5). What is the greatest common divisor of 18 and f?
9
Suppose 3*g - g - 8 = 0. Let v be 64/10 - g/10. Calculate the highest common divisor of 18 and v.
6
Let a = 6 + -8. Let r(w) = -w**3 - w**2 + 9*w + 17. Let g be r(-3). Let v be (g + 2 + a)/1. What is the highest common factor of v and 24?
8
Let n(y) = 67*y - 13. Let k be n(7). What is the greatest common factor of 57 and k?
57
Let h = -2 + 4. Let w = h + 0. What is the greatest common factor of w and 18?
2
Let w be 2/7 - (-208)/7. Let a be (0 - -3) + (-9 - -156). What is the highest common factor of a and w?
30
Let b(n) = -n**2 - 21*n - 35. Let k be b(-16). Calculate the greatest common divisor of 5 and k.
5
Suppose -4*w + 4*z = -24, -3*z + 6 = 2*w - 1. Suppose -w*f = -0*f - 85. What is the highest common divisor of 153 and f?
17
Let m be ((-24)/(-20))/((-6)/(-100)). Suppose b - 2*s = 1, 0 = 3*b - 8*b + 5*s + 15. What is the highest common factor of m and b?
5
Suppose -2*w - 2*w + 40 = 0. Suppose -2*p + 3*f + 4 = -2, -w = p + 5*f. Suppose -c + 2 + 2 = p. What is the greatest common factor of c and 32?
4
Let g be (-1 + 2)/(4/108). Let w = -11 + g. Calculate the greatest common factor of 24 and w.
8
Let o be -3 - (-7 + 0/2). Suppose d = -3*t - 14, 5*d + o*t + t + 20 = 0. Calculate the highest common divisor of d and 1.
1
Let t be 6/3 + 2 + 0. Let o be (6/(-2))/(t/(-28)). Calculate the greatest common factor of o and 105.
21
Suppose -5*b + 4*d - 12 = 0, b = 5*b + 2*d + 20. Let x(y) = y**2 - 5. Let i be x(b). Calculate the greatest common factor of i and 88.
11
Let f be ((-4)/3)/((-6)/63). Let x = -3 + 5. Let z be (-124)/(-6) - x/(-6). What is the highest common factor of z and f?
7
Let m be 3/3*(5 - 0). Suppose 0 = -3*w + 7 - 1. Suppose 3*x = w*x - 5*z + 51, z + 281 = m*x. Calculate the highest common factor of 14 and x.
14
Let v be (7/42)/((-1)/(-6)). What is the greatest common divisor of v and 1?
1
Suppose 2*i + 105 = 7*i. Calculate the greatest common factor of i and 35.
7
Suppose 0 = -5*r - 1 + 111. Let n = -13 + r. Suppose 0 = -5*o + n + 691. Calculate the greatest common divisor of o and 14.
14
Let y(d) = -d**3 + 6*d**2 + 8*d - 4. Let w be y(7). Let m be 27/w*9/3. Calculate the greatest common factor of m and 9.
9
Let b = 38 - 22. Let q(m) = 9*m**2 + m - 2. Let l be q(1). Let a be (-4)/b + 98/l. Calculate the greatest common factor of 18 and a.
6
Suppose -3*r - 381 + 393 = 0. Calculate the greatest common divisor of r and 4.
4
Let s be (18/3)/3 - -1. Suppose -2*t + s*t = 22. What is the highest common divisor of 33 and t?
11
Let b be 9/(-12) + 135/4. Calculate the greatest common divisor of 22 and b.
11
Suppose 3*x = x + o, 5*x - 15 = -5*o. Suppose 36*p = -3*w + 35*p + 23, 2 = -2*w - 5*p. Calculate the greatest common factor of w and x.
1
Let n be 6 - 6 - (-1 + -3). Calculate the highest common divisor of n and 2.
2
Let f be 1/(-5) + 24/20. Let g(z) = 89*z - 1. Let c be g(f). Calculate the greatest common factor of 8 and c.
8
Let c be 3*(-2)/(-3) + 3. Suppose 2*p = 4*l, 6*p - p - 5 = c*l. Calculate the highest common divisor of p and 22.
2
Let f(h) = -14 - h**2 + 5 - 9*h + 5. Let j be f(-6). What is the greatest common divisor of 7 and j?
7
Let n = 55 + 29. What is the highest common factor of 12 and n?
12
Let m be -1 + (4 - (1 + -4)). What is the greatest common divisor of 54 and m?
6
Suppose -d + 106 = -b - b, 0 = 4*b + 3*d + 192. Let m = b + 72. Calculate the highest common divisor of 14 and m.
7
Suppose 4*u = -2*y + 124, 2*y + u + 149 = 4*y. Suppose -13 = 2*n - 1. Let c be (n/4)/((-4)/48). What is the greatest common factor of c and y?
18
Suppose -s + 3 = 6, 5*s = 3*r - 27. Let u(p) = 6*p - 4. Let f be u(r). What is the highest common divisor of f and 8?
4
Suppose -z = z - 34. Calculate the greatest common divisor of z and 119.
17
Let k = -187 - -237. What is the highest common factor of 10 and k?
10
Let r = -271 + 467. Calculate the greatest common factor of 28 and r.
28
Let q be 1/((-3)/(-540)) - 0. Let h be 1*8/(32/q). Calculate the greatest common factor of h and 30.
15
Let t(c) = c**3 + 7*c**2 - 6*c - 6. Let n be t(-8). Let g = n - -14. Let a be g/(-6)*(13 + -7). Calculate the greatest common divisor of 40 and a.
8
Suppose 2*s - 10 = 8. Let o be (3/6)/(2/(-48)). Let g = o - -39. What is the highest common factor of s and g?
9
Let j be (20/(-15))/((-3)/(-72)). Suppose o + 2 + 60 = 0. Let t = j - o. What is the highest common divisor of 45 and t?
15
Let a(n) = 13*n - 3. Let h be a(3). Let w be h/90 - 63/(-5). What is the greatest common divisor of 13 and w?
13
Suppose 104 = 2*m - m. Suppose -5*w = -w - 72. Suppose -2*x + w = -8. Calculate the highest common factor of x and m.
13
Suppose 5*p - 25 = 0, 2*i + p = 3*p + 188. Calculate the highest common factor of i and 66.
33
Suppose -2*u - 5*h + 55 = -0*u, -2*h + 110 = 3*u. What is the highest common divisor of u and 5?
5
Let k = 51 - 33. Calculate the highest common divisor of k and 2.
2
Let d be 6/45 + (-2546)/(-30). Suppose -5*c = 7 - 22. Suppose 51 = c*n - p, 6*n - n - 85 = -2*p. Calculate the greatest common factor of d and n.
17
Let l(n) = -n**3 + 14*n**2 - 25*n + 14. Let a be l(12). Calculate the highest common factor of a and 10.
2
Let m(o) = -4*o + 9. Let w be m(-4). Calculate the highest common factor of w and 10.
5
Let q = 86 - 41. What is the highest common factor of 5 and q?
5
Suppose 0 = 3*f + 3*r - 18 - 3, 0 = -4*r - 12. Let n = 5 - 1. What is the greatest common divisor of n and f?
2
Suppose -5*t = q + 20 - 350, -2*t = -5*q - 132. What is the highest common factor of 44 and t?
22
Let q be (-1 - (-20)/8)*24. Calculate the greatest common divisor of q and 4.
4
Suppose q = -i + 2*i - 3, 0 = 5*q. What is the greatest common divisor of i and 2?
1
Let w(l) = -9*l. Let x be w(3). Let h = 58 + x. Suppose -3*c = 5*d - 159, 3*d + 4*c - h - 60 = 0. Calculate the greatest common divisor of d and 11.
11
Let j be -2 - 0 - (-132)/4. Let d(q) = -7*q. Let g be d(-3). Let i = j - g. What is the highest common factor of i and 20?
10
Suppose q - 6 = -3*n - 0, -4*n - q + 8 = 0. Suppose 0*x + 28 = 2*x. Calculate the greatest common factor of n and x.
2
Let o be ((-2)/3)/(2/(-66)). Suppose -5*i + 767 = -223. Calculate the highest common divisor of o and i.
22
Suppose -a = -3*a + 396. Suppose a - 22 = 2*s. Let x = s + -46. What is the greatest common divisor of 14 and x?
14
Suppose 0*t - 451 = -4*v - 3*t, 564 = 5*v + 4*t. Calculate the greatest common divisor of 7 and v.
7
Let x(s) = -66*s - 3. Let r be x(-2). Let m = 217 - r. What is the highest common divisor of 11 and m?
11
Let t(d) = d**3 - 3*d**2 + 2. Let c be t(4). Suppose -3*a + c = -21. Calculate the highest common factor of a and 13.
13
Let l = 6 - -5. Calculate the highest common divisor of 22 and l.
11
Let k(o) = -9*o**3 - 3*o**2 - 3*o - 1. Let g be k(-2). Let p(n) = n**3 + 9*n**2 + 5*n + 2. Let s be p(-8). Calculate the highest common factor of g and s.
13
Let p(k) = -18*k**3 - 3*k**2 - k + 1. Let v be p(-1). What is the greatest common divisor of v and 68?
17
Let j be ((-1)/2)/(1/(-30)). Suppose g = -3, 4*n - g - 4 = 5*n. Let l be (-39)/(-4) - n/4. Calculate the greatest common factor of j and l.
5
Let d be 4*-1 - (-120 + 0)/4. Calculate the greatest common factor of d and 143.
13
Suppose 0 =